{"id":6370,"date":"2022-09-20T17:11:48","date_gmt":"2022-09-20T15:11:48","guid":{"rendered":"https:\/\/www.lesjouetsvoyageurs.com\/location\/?post_type=product&#038;p=6370"},"modified":"2022-09-21T19:08:58","modified_gmt":"2022-09-21T17:08:58","slug":"jeu-il-etait-une-foret","status":"publish","type":"product","link":"https:\/\/www.lesjouetsvoyageurs.com\/location\/jouets\/jeu-il-etait-une-foret\/","title":{"rendered":"Jeu de cartes Il etait une foret"},"content":{"rendered":"<p>Il etait une foret est un jeu de cartes de coop\u00e9ration. Le principe est simple : le ou les joueurs (\u00e0 partir de 7 ans) sont les architectes d&rsquo;une for\u00eat primaire. Pour gagner la partie, il faudra permettre \u00e0 la for\u00eat de grandir tout en respectant l&rsquo;\u00e9quilibre entre la faune et la flore. Il faudra \u00e9galement veiller \u00e0 limiter l&rsquo;impact de l&rsquo;Homme sur son \u00e9quilibre.<\/p>\n<p>Il etait une foret est un beau jeu \u00e0 dimension \u00e9cologique qui peut se jouer seul ou \u00e0 plusieurs (jusqu&rsquo;\u00e0 4 joueurs).<\/p>\n<p>Avec le livret fourni dans la bo\u00eete, vous apprendrez plein de choses int\u00e9ressantes sur les for\u00eats primaires. Ce jeu superbement illustr\u00e9 et inspir\u00e9 du film de Luc Jacquet est \u00e0 mettre entre toutes les mains.<\/p>\n<p>Dans la m\u00eame collection, d\u00e9couvrez \u00e9galement <a href=\"https:\/\/www.lesjouetsvoyageurs.com\/location\/jouets\/jeu-cartes-pom-pom\/\">Pom Pom<\/a>.<\/p>\n<p>Envie d&rsquo;en savoir plus sur les engagements de la marque?<br \/>\n\ud83d\udc49 Consultez la pr\u00e9sentation de <a href=\"https:\/\/www.jeux-opla.fr\/\" target=\"_blank\" rel=\"noopener\">Jeux Opla<\/a>.<\/p>\n<p><span style=\"font-size: 14.4px;\">\ud83d\udc95 Jeu de coop\u00e9ration\u00a0<\/span><\/p>\n<p>LE PRIX ABONN\u00c9 C&rsquo;EST QUOI?<\/p>\n<p>Vous avez un coup de coeur pour un jouet propos\u00e9 \u00e0 la location?<br \/>\nNous vous proposons de garder chaque jouet lou\u00e9 \u00e0 un prix pr\u00e9f\u00e9rentiel, clairement indiqu\u00e9 sur chaque fiche.<\/p>\n","protected":false},"excerpt":{"rendered":"<p>Jeu de cartes Il etait une foret<\/p>\n<p>\u2764 Joli jeu \u00e9cologique<br \/>\n\u2764 Se joue seul ou \u00e0 plusieurs<br \/>\n\u2764 LIvret p\u00e9dagogique inclus<\/p>\n","protected":false},"featured_media":6371,"template":"","meta":[],"product_cat":[15],"product_tag":[],"_links":{"self":[{"href":"https:\/\/www.lesjouetsvoyageurs.com\/location\/wp-json\/wp\/v2\/product\/6370"}],"collection":[{"href":"https:\/\/www.lesjouetsvoyageurs.com\/location\/wp-json\/wp\/v2\/product"}],"about":[{"href":"https:\/\/www.lesjouetsvoyageurs.com\/location\/wp-json\/wp\/v2\/types\/product"}],"wp:featuredmedia":[{"embeddable":true,"href":"https:\/\/www.lesjouetsvoyageurs.com\/location\/wp-json\/wp\/v2\/media\/6371"}],"wp:attachment":[{"href":"https:\/\/www.lesjouetsvoyageurs.com\/location\/wp-json\/wp\/v2\/media?parent=6370"}],"wp:term":[{"taxonomy":"product_cat","embeddable":true,"href":"https:\/\/www.lesjouetsvoyageurs.com\/location\/wp-json\/wp\/v2\/product_cat?post=6370"},{"taxonomy":"product_tag","embeddable":true,"href":"https:\/\/www.lesjouetsvoyageurs.com\/location\/wp-json\/wp\/v2\/product_tag?post=6370"}],"curies":[{"name":"wp","href":"https:\/\/api.w.org\/{rel}","templated":true}]}}