{"id":6373,"date":"2022-09-20T17:47:51","date_gmt":"2022-09-20T15:47:51","guid":{"rendered":"https:\/\/www.lesjouetsvoyageurs.com\/location\/?post_type=product&#038;p=6373"},"modified":"2022-09-21T19:24:27","modified_gmt":"2022-09-21T17:24:27","slug":"jeu-de-cartes-pollen","status":"publish","type":"product","link":"https:\/\/www.lesjouetsvoyageurs.com\/location\/jouets\/jeu-de-cartes-pollen\/","title":{"rendered":"Jeu de cartes Pollen pour 2 joueurs"},"content":{"rendered":"<p>Le jeu de cartes pollen se joue \u00e0 deux. Selon le r\u00f4le qui est le v\u00f4tre, vous devrez conduire les bourdons ou les abeilles \u00e0 la victoire en butinant un maximum de fleurs. Bluff, tactique et d\u00e9duction seront de la partie. Placez judicieusement vos insectes en prenant en compte vos trois fleurs secr\u00e8tes qui vous rapportent davantage de points.<\/p>\n<p>Un jeu tactique pour 2 joueurs accessible \u00e0 partir de 8 ans.<\/p>\n<p>Envie d&rsquo;en savoir plus sur les engagements de la marque?<br \/>\n\ud83d\udc49 Consultez la pr\u00e9sentation de <a href=\"https:\/\/www.jeux-opla.fr\/\" target=\"_blank\" rel=\"noopener\">Jeux Opla<\/a>.<\/p>\n<p><span style=\"font-size: 14.4px;\">\ud83d\udc95 Jeu tactique pour 2 joueurs<\/span><\/p>\n<p>Dans la m\u00eame collection, d\u00e9couvrez \u00e9galement <a href=\"https:\/\/www.lesjouetsvoyageurs.com\/location\/jouets\/jeu-cartes-pom-pom\/\">Pom Pom<\/a> et <a href=\"https:\/\/www.lesjouetsvoyageurs.com\/location\/jouets\/jeu-il-etait-une-foret\/\">Il \u00e9tait une for\u00eat<\/a>.<\/p>\n<p>LE PRIX ABONN\u00c9 C&rsquo;EST QUOI?<\/p>\n<p>Vous avez un coup de coeur pour un jouet propos\u00e9 \u00e0 la location?<br \/>\nNous vous proposons de garder chaque jouet lou\u00e9 \u00e0 un prix pr\u00e9f\u00e9rentiel, clairement indiqu\u00e9 sur chaque fiche.<\/p>\n","protected":false},"excerpt":{"rendered":"<p>Jeu de cartes Pollen<\/p>\n<p>\u2764 Jouez les abeilles ou les bourdons<br \/>\n\u2764 Parties rapides de 15 min environ<br \/>\n\u2764 D\u00e9duction, tactique et bluff<\/p>\n","protected":false},"featured_media":6374,"template":"","meta":[],"product_cat":[15],"product_tag":[],"_links":{"self":[{"href":"https:\/\/www.lesjouetsvoyageurs.com\/location\/wp-json\/wp\/v2\/product\/6373"}],"collection":[{"href":"https:\/\/www.lesjouetsvoyageurs.com\/location\/wp-json\/wp\/v2\/product"}],"about":[{"href":"https:\/\/www.lesjouetsvoyageurs.com\/location\/wp-json\/wp\/v2\/types\/product"}],"wp:featuredmedia":[{"embeddable":true,"href":"https:\/\/www.lesjouetsvoyageurs.com\/location\/wp-json\/wp\/v2\/media\/6374"}],"wp:attachment":[{"href":"https:\/\/www.lesjouetsvoyageurs.com\/location\/wp-json\/wp\/v2\/media?parent=6373"}],"wp:term":[{"taxonomy":"product_cat","embeddable":true,"href":"https:\/\/www.lesjouetsvoyageurs.com\/location\/wp-json\/wp\/v2\/product_cat?post=6373"},{"taxonomy":"product_tag","embeddable":true,"href":"https:\/\/www.lesjouetsvoyageurs.com\/location\/wp-json\/wp\/v2\/product_tag?post=6373"}],"curies":[{"name":"wp","href":"https:\/\/api.w.org\/{rel}","templated":true}]}}