{"id":6377,"date":"2022-09-21T10:03:56","date_gmt":"2022-09-21T08:03:56","guid":{"rendered":"https:\/\/www.lesjouetsvoyageurs.com\/location\/?post_type=product&#038;p=6377"},"modified":"2022-09-21T19:50:17","modified_gmt":"2022-09-21T17:50:17","slug":"jeu-lettres-bananagrams","status":"publish","type":"product","link":"https:\/\/www.lesjouetsvoyageurs.com\/location\/jouets\/jeu-lettres-bananagrams\/","title":{"rendered":"Jeu de lettres Bananagrams junior"},"content":{"rendered":"<p>Bananagrams Junior est un jeu de lettres id\u00e9al pour s&rsquo;initier \u00e0 la lecture. Il permet aux enfants \u00e0 partir de 5 ans d&rsquo;apprendre les lettres, construire des mots et faire des mots crois\u00e9s<\/p>\n<p>Dans la trousse en forme de banane du jeu Bananagrams junior, on retrouve des lettres minuscules, des accents et des c\u00e9dilles. Avec les tuiles, on peut r\u00e9aliser<span style=\"font-size: 14.4px;\"> 12 mini jeux de lettres r\u00e9partis en trois niveau de difficult\u00e9. On peut ainsi aborder la d\u00e9couverte de l&rsquo;alphabet, de l&rsquo;\u00e9criture et la lecture.<\/span><\/p>\n<p>Bananagrams Junior peut se jouer seu et jusqu&rsquo;\u00e0 4 joueurs. Un jeu de lettres id\u00e9al en famille pour une d\u00e9couverte ludique de la lecture et de l&rsquo;\u00e9criture.<\/p>\n<p>Envie d&rsquo;en savoir plus sur les engagements de la marque?<br \/>\n\ud83d\udc49 Consultez la pr\u00e9sentation de <a href=\"http:\/\/www.wilsonjeux.fr\/\" target=\"_blank\" rel=\"noopener\">Wilson jeux<\/a>.<\/p>\n<p><span style=\"font-size: 14.4px;\">\ud83d\udc95 Jeu de lettres d\u00e8s 5 ans<\/span><\/p>\n<p>LE PRIX ABONN\u00c9 C&rsquo;EST QUOI?<\/p>\n<p>Vous avez un coup de coeur pour un jouet propos\u00e9 \u00e0 la location?<br \/>\nNous vous proposons de garder chaque jouet lou\u00e9 \u00e0 un prix pr\u00e9f\u00e9rentiel, clairement indiqu\u00e9 sur chaque fiche.<\/p>\n","protected":false},"excerpt":{"rendered":"<p>Jeu Bananagrams junior<\/p>\n<p>\u2764 Pour apprendre l&rsquo;alphabet, la lecture et l&rsquo;\u00e9criture<br \/>\n\u2764 Trousse banane pour le rangement<br \/>\n\u2764 Se joue seul ou \u00e0 plusieurs<\/p>\n","protected":false},"featured_media":6420,"template":"","meta":[],"product_cat":[15],"product_tag":[],"_links":{"self":[{"href":"https:\/\/www.lesjouetsvoyageurs.com\/location\/wp-json\/wp\/v2\/product\/6377"}],"collection":[{"href":"https:\/\/www.lesjouetsvoyageurs.com\/location\/wp-json\/wp\/v2\/product"}],"about":[{"href":"https:\/\/www.lesjouetsvoyageurs.com\/location\/wp-json\/wp\/v2\/types\/product"}],"wp:featuredmedia":[{"embeddable":true,"href":"https:\/\/www.lesjouetsvoyageurs.com\/location\/wp-json\/wp\/v2\/media\/6420"}],"wp:attachment":[{"href":"https:\/\/www.lesjouetsvoyageurs.com\/location\/wp-json\/wp\/v2\/media?parent=6377"}],"wp:term":[{"taxonomy":"product_cat","embeddable":true,"href":"https:\/\/www.lesjouetsvoyageurs.com\/location\/wp-json\/wp\/v2\/product_cat?post=6377"},{"taxonomy":"product_tag","embeddable":true,"href":"https:\/\/www.lesjouetsvoyageurs.com\/location\/wp-json\/wp\/v2\/product_tag?post=6377"}],"curies":[{"name":"wp","href":"https:\/\/api.w.org\/{rel}","templated":true}]}}