{"id":6387,"date":"2022-09-21T12:54:24","date_gmt":"2022-09-21T10:54:24","guid":{"rendered":"https:\/\/www.lesjouetsvoyageurs.com\/location\/?post_type=product&#038;p=6387"},"modified":"2024-12-15T14:19:18","modified_gmt":"2024-12-15T12:19:18","slug":"logic-case-haba-6ans","status":"publish","type":"product","link":"https:\/\/www.lesjouetsvoyageurs.com\/location\/jouets\/logic-case-haba-6ans\/","title":{"rendered":"Jeu Logic Case Haba &#8211; 6 ans et +"},"content":{"rendered":"<p>Le jeu Logic Case Haba contient 44 cartes et 77 \u00e9nigmes pour les enfants \u00e0 partir de 6 ans. L&rsquo;enfant doit r\u00e9soudre des \u00e9nigmes amusantes et peut v\u00e9rifier ses r\u00e9ponses seuls gr\u00e2ce \u00e0 un syst\u00e8me malin d&rsquo;auto-correction.<\/p>\n<p>Les cartes du jeu Logic Case Haba sont pos\u00e9es sur un support. L&rsquo;enfant utilise le stylet en bois pour choisir sa r\u00e9ponse parmi les 4 propos\u00e9es. Il essaye ensuite de retirer la carte. Si la carte reste bloqu\u00e9e dans le support, la r\u00e9ponse n&rsquo;est pas la bonne. Si la carte peut \u00eatre retir\u00e9e, la r\u00e9ponse est correcte et l&rsquo;enfant peut passer \u00e0 l&rsquo;\u00e9nigme suivante.<\/p>\n<p>Le format compact de Logic Case Haba permet de l&#8217;emmener facilement en voiture pour occuper les enfants sur les longs trajets ! Se joue seul.<\/p>\n<p>Envie d&rsquo;en savoir plus sur les engagements de la marque?<br \/>\n\ud83d\udc49 Consultez la pr\u00e9sentation de <a href=\"https:\/\/www.haba-play.com\/fr_FR\" target=\"_blank\" rel=\"noopener\">Haba<\/a>.<\/p>\n<p><span style=\"font-size: 14.4px;\">\ud83d\udc95 Enigmes avec auto-correction<\/span><\/p>\n<p>Logi case convient aux enfants d\u00e8s 5\/6 ans.<\/p>\n<p>LE PRIX ABONN\u00c9 C&rsquo;EST QUOI?<\/p>\n<p>Vous avez un coup de coeur pour un jouet propos\u00e9 \u00e0 la location?<br \/>\nNous vous proposons de garder chaque jouet lou\u00e9 \u00e0 un prix pr\u00e9f\u00e9rentiel, clairement indiqu\u00e9 sur chaque fiche.<\/p>\n","protected":false},"excerpt":{"rendered":"<p>Jeu Logic Case Haba<\/p>\n<p>\u2764 Accessible d\u00e8s 5\/6 ans<br \/>\n\u2764 Se joue seul<br \/>\n\u2764 S&#8217;emm\u00e8ne en voiture<\/p>\n","protected":false},"featured_media":6388,"template":"","meta":[],"product_cat":[15],"product_tag":[],"_links":{"self":[{"href":"https:\/\/www.lesjouetsvoyageurs.com\/location\/wp-json\/wp\/v2\/product\/6387"}],"collection":[{"href":"https:\/\/www.lesjouetsvoyageurs.com\/location\/wp-json\/wp\/v2\/product"}],"about":[{"href":"https:\/\/www.lesjouetsvoyageurs.com\/location\/wp-json\/wp\/v2\/types\/product"}],"wp:featuredmedia":[{"embeddable":true,"href":"https:\/\/www.lesjouetsvoyageurs.com\/location\/wp-json\/wp\/v2\/media\/6388"}],"wp:attachment":[{"href":"https:\/\/www.lesjouetsvoyageurs.com\/location\/wp-json\/wp\/v2\/media?parent=6387"}],"wp:term":[{"taxonomy":"product_cat","embeddable":true,"href":"https:\/\/www.lesjouetsvoyageurs.com\/location\/wp-json\/wp\/v2\/product_cat?post=6387"},{"taxonomy":"product_tag","embeddable":true,"href":"https:\/\/www.lesjouetsvoyageurs.com\/location\/wp-json\/wp\/v2\/product_tag?post=6387"}],"curies":[{"name":"wp","href":"https:\/\/api.w.org\/{rel}","templated":true}]}}