{"id":6721,"date":"2023-04-05T15:26:40","date_gmt":"2023-04-05T13:26:40","guid":{"rendered":"https:\/\/www.lesjouetsvoyageurs.com\/location\/?post_type=product&#038;p=6721"},"modified":"2023-08-19T10:10:46","modified_gmt":"2023-08-19T08:10:46","slug":"jeu-croc","status":"publish","type":"product","link":"https:\/\/www.lesjouetsvoyageurs.com\/location\/jouets\/jeu-croc\/","title":{"rendered":"Jeu de prise de risque Croc ! d\u00e8s 7 ans"},"content":{"rendered":"<p>Croc ! est un jeu de prise de risque accessible d\u00e8s 7 ans. Vous faites partie d&rsquo;une bande de pirates et le capitaine du bateau vous jette par dessus bord ! Attention au requin : Saurez vous regagner la plage sans vous faire croquer ?<\/p>\n<p>Croc ! se joue de 2 \u00e0 6 joueurs. Une partie peut durer 20 minutes.<\/p>\n<p>Ce jeu contient :<\/p>\n<ul>\n<li>42 cartes<\/li>\n<li>6 pirates articul\u00e9s<\/li>\n<li>1 requin affam\u00e9<\/li>\n<li>1 r\u00e8gle du jeu<\/li>\n<\/ul>\n<p>Chaque joueur choisit son pirate et re\u00e7oit des cartes. Pour d\u00e9buter la partie chaque joueur choisit une carte de sa main et la place devant lui face cach\u00e9e. Les joueurs retournent leur carte en m\u00eame temps. Le joueur qui a la plus petite carte place son pirate en t\u00eate de la file. Les joueurs disposent ainsi leur pirate tour \u00e0 tour selon la valeur de la carte d\u00e9couverte (de la plus petite \u00e0 la plus grande). Le pirate situ\u00e9 en derni\u00e8re position se fait croquer par le requin&#8230; et perd un bras ou une jambe que le joueur d\u00e9tache de son personnage. Si un pirate n&rsquo;a plus de bras ni de jambes, le joueur est \u00e9limin\u00e9 !<\/p>\n<p>Envie d&rsquo;en savoir plus sur les engagements de la marque?<br \/>\n\ud83d\udc49 Consultez la pr\u00e9sentation de <a href=\"https:\/\/studiobombyx.com\/jeu\/croc\/\" target=\"_blank\" rel=\"noopener\">Bombyx<\/a>.<\/p>\n<p><span style=\"font-size: 14.4px;\">\ud83d\udc95 Jeu de prise de risque<\/span><\/p>\n<p>Croc ! convient aux enfants d\u00e8s 7 ans.<\/p>\n<p>LE PRIX ABONN\u00c9 C&rsquo;EST QUOI?<\/p>\n<p>Vous avez un coup de coeur pour un jouet propos\u00e9 \u00e0 la location?<br \/>\nNous vous proposons de garder chaque jouet lou\u00e9 \u00e0 un prix pr\u00e9f\u00e9rentiel, clairement indiqu\u00e9 sur chaque fiche.<\/p>\n","protected":false},"excerpt":{"rendered":"<p>Jeu de bluff<\/p>\n<p>\u2764 Jeu d&rsquo;observation<br \/>\n\u2764 Simple \u00e0 transporter<br \/>\n\u2764 Jusqu&rsquo;\u00e0 6 joueurs<\/p>\n","protected":false},"featured_media":6722,"template":"","meta":[],"product_cat":[15],"product_tag":[],"_links":{"self":[{"href":"https:\/\/www.lesjouetsvoyageurs.com\/location\/wp-json\/wp\/v2\/product\/6721"}],"collection":[{"href":"https:\/\/www.lesjouetsvoyageurs.com\/location\/wp-json\/wp\/v2\/product"}],"about":[{"href":"https:\/\/www.lesjouetsvoyageurs.com\/location\/wp-json\/wp\/v2\/types\/product"}],"wp:featuredmedia":[{"embeddable":true,"href":"https:\/\/www.lesjouetsvoyageurs.com\/location\/wp-json\/wp\/v2\/media\/6722"}],"wp:attachment":[{"href":"https:\/\/www.lesjouetsvoyageurs.com\/location\/wp-json\/wp\/v2\/media?parent=6721"}],"wp:term":[{"taxonomy":"product_cat","embeddable":true,"href":"https:\/\/www.lesjouetsvoyageurs.com\/location\/wp-json\/wp\/v2\/product_cat?post=6721"},{"taxonomy":"product_tag","embeddable":true,"href":"https:\/\/www.lesjouetsvoyageurs.com\/location\/wp-json\/wp\/v2\/product_tag?post=6721"}],"curies":[{"name":"wp","href":"https:\/\/api.w.org\/{rel}","templated":true}]}}