{"id":6865,"date":"2023-08-02T16:06:32","date_gmt":"2023-08-02T14:06:32","guid":{"rendered":"https:\/\/www.lesjouetsvoyageurs.com\/location\/?post_type=product&#038;p=6865"},"modified":"2023-10-11T14:03:07","modified_gmt":"2023-10-11T12:03:07","slug":"les-blagues-de-toto-le-jeu-de-cartes","status":"publish","type":"product","link":"https:\/\/www.lesjouetsvoyageurs.com\/location\/jouets\/les-blagues-de-toto-le-jeu-de-cartes\/","title":{"rendered":"Les blagues de toto Le jeu de cartes"},"content":{"rendered":"<h2>Les blagues de toto Le jeu de cartes<\/h2>\n<p>Comme toujours, Toto est pr\u00eat \u00e0 te faire \u00e9clater de rire ! Ton objectif est de former des paires de cartes \u00ab\u00a0Personnage\u00a0\u00bb en piochant dans la pile ou en prenant des cartes chez tes adversaires. Le joueur qui se retrouve avec la derni\u00e8re carte \u00ab\u00a0Toto\u00a0\u00bb en main remporte la partie ! Cependant, m\u00e9fie-toi des cartes \u00ab\u00a0Blague\u00a0\u00bb qui peuvent bouleverser le cours de la partie.<\/p>\n<p>Ce jeu de cartes contient 50 cartes<\/p>\n<p>Se joue de 2 \u00e0 4 joueurs pour une partie d&rsquo;environ 10 min.<\/p>\n<p>Envie d&rsquo;en savoir plus sur les engagements de la marque?<br \/>\n\ud83d\udc49 Consultez la pr\u00e9sentation de <a href=\"https:\/\/www.madistrib.com\/shop\/jeux-de-societe\/enfant\/les-blagues-de-toto-mon-jeu-de-cartes\/\" target=\"_blank\" rel=\"noopener\">Mad<\/a>.<\/p>\n<p><span style=\"font-size: 14.4px;\">\ud83d\udc95 Jeu de cartes sur le th\u00e8me des blagues de Toto<\/span><\/p>\n<p>Les blagues de toto Le jeu de cartes convient aux enfants d\u00e8s 6 ans.<\/p>\n<p>LE PRIX ABONN\u00c9 C&rsquo;EST QUOI?<\/p>\n<p>Vous avez un coup de coeur pour un jouet propos\u00e9 \u00e0 la location?<br \/>\nNous vous proposons de garder chaque jouet lou\u00e9 \u00e0 un prix pr\u00e9f\u00e9rentiel, clairement indiqu\u00e9 sur chaque fiche.<\/p>\n","protected":false},"excerpt":{"rendered":"<p>Les blagues de toto Le jeu de cartes<\/p>\n<p>\u2764 Jeu d&rsquo;ambiance<br \/>\n\u2764 Rigolo<br \/>\n\u2764 D\u00e8s 6 ans<\/p>\n","protected":false},"featured_media":6866,"template":"","meta":[],"product_cat":[15],"product_tag":[],"_links":{"self":[{"href":"https:\/\/www.lesjouetsvoyageurs.com\/location\/wp-json\/wp\/v2\/product\/6865"}],"collection":[{"href":"https:\/\/www.lesjouetsvoyageurs.com\/location\/wp-json\/wp\/v2\/product"}],"about":[{"href":"https:\/\/www.lesjouetsvoyageurs.com\/location\/wp-json\/wp\/v2\/types\/product"}],"wp:featuredmedia":[{"embeddable":true,"href":"https:\/\/www.lesjouetsvoyageurs.com\/location\/wp-json\/wp\/v2\/media\/6866"}],"wp:attachment":[{"href":"https:\/\/www.lesjouetsvoyageurs.com\/location\/wp-json\/wp\/v2\/media?parent=6865"}],"wp:term":[{"taxonomy":"product_cat","embeddable":true,"href":"https:\/\/www.lesjouetsvoyageurs.com\/location\/wp-json\/wp\/v2\/product_cat?post=6865"},{"taxonomy":"product_tag","embeddable":true,"href":"https:\/\/www.lesjouetsvoyageurs.com\/location\/wp-json\/wp\/v2\/product_tag?post=6865"}],"curies":[{"name":"wp","href":"https:\/\/api.w.org\/{rel}","templated":true}]}}